 - 2).
191
Suppose 7*n - 11*n = -164. Suppose n = g + 5*v, -g + 4 = -3*v - 5. What are the prime factors of g?
3, 7
Let k be 23 + (-3)/(-4 - -1). Suppose 5*u - 4*p = 0, -2*p + 1 - 11 = -5*u. Suppose 7*g - k = u*g. List the prime factors of g.
2
Let p = -278 - -570. List the prime factors of p.
2, 73
Suppose 9 = 19*a - 16*a. What are the prime factors of a?
3
Let b = 170 - 117. List the prime factors of b.
53
Let y(h) = h**2 - 4*h - 7. Let z be y(6). Suppose z*o + 4*x = -0*x - 4, -5*x = -o + 5. Suppose o = 2*k - 16 - 4. List the prime factors of k.
2, 5
Let n = -6 - -10. Suppose 2*j + 31 = 2*v - j, -4*v + n*j = -60. List the prime factors of v.
2, 7
Let o = -94 + 135. List the prime factors of o.
41
Suppose 0 = 5*t + 59 - 9. Let c = t - -18. What are the prime factors of c?
2
Let r(k) = -k - 2. Let j be r(-6). Suppose -5*p + 16 - 88 = 3*l, 2*p + 34 = j*l. Let h = 26 + p. List the prime factors of h.
11
Suppose 4*m - 36 = -4*c + 2*c, 5*c = 5*m + 60. Let y = -10 + c. What are the prime factors of y?
2
Suppose 11 + 1 = t. Suppose -s - 28 = -3*m + m, -2*m + t = 3*s. Suppose -q + 8 = -w, -2*q - w = -q - m. What are the prime factors of q?
2, 5
Suppose 5 = 5*a, 3*s - 10 = -4*a - 0. Suppose 0 = -s*o + o. Suppose o = -5*m + 4 + 11. What are the prime factors of m?
3
Let i(b) = -5*b - 7. Let m be i(-5). Let z be ((-1)/3)/((-2)/m). Suppose z*x - s = 18, -2*x = 3*x + 4*s - 30. What are the prime factors of x?
2, 3
Let y(c) = -c**2 + 10*c - 13. List the prime factors of y(8).
3
Let b(n) = -n**3 + 10*n**2 + 3*n - 2. Let g be b(10). Let q be 1/3 - g/(-6). Suppose -2*x = 3*a - 5 - 7, -x - q = -4*a. What are the prime factors of a?
2
Let d(y) = 9*y**3 - 4*y + 3. List the prime factors of d(2).
67
Suppose 99 = 2*d - 5*t, -4*d - 51 = -5*d + 3*t. Suppose -4*u + d = -34. What are the prime factors of u?
19
Suppose -479 = -7*t + 4*t + 5*p, -4*t + p = -650. List the prime factors of t.
163
List the prime factors of 1 + (-3 + 1)/(-1).
3
Let i(o) = 11*o**2 + 2*o - 2. Let n be (3 + 2)*(-8)/20. List the prime factors of i(n).
2, 19
Let i(k) = 10*k. Let o be i(-1). Let p(q) = -q**3 - 9*q**2 + 8*q + 7. What are the prime factors of p(o)?
3
Let k(x) = 2*x**3 + 7*x**2 + 5*x - 9. Let c(w) = -3*w**3 - 10*w**2 - 8*w + 13. Let m(s) = 5*c(s) + 8*k(s). List the prime factors of m(-5).
2, 3
Let p = 0 - 38. Let t = p + 59. What are the prime factors of t?
3, 7
Let z be 0 + -3 - 1 - -2. Let r be (133/(-14))/(z/4). Suppose 17 = 4*s - r. What are the prime factors of s?
3
Let w = 2 + -1. Let q be ((-28)/5)/(w/(-5)). Let l = q + -16. What are the prime factors of l?
2, 3
Let w(r) = -r**3 + 4*r**2 + 7*r - 3. Let s be w(5). Let t = -2 + s. List the prime factors of t.
5
Let n(v) = -v**3 - 6*v**2 - v - 6. Suppose 5 - 17 = 2*l. Let q be n(l). Suppose -3*s + 2*d = 3*d - 35, -2*s + d + 25 = q. What are the prime factors of s?
2, 3
Let b(x) = -x**3 - 9*x**2. Let i be b(-9). Suppose i = 3*f - 0 - 3. What are the prime factors of 2 + f/(2 + -1)?
3
Suppose 17 = -4*x - 19. List the prime factors of (18/(-10))/(x/135).
3
Let j(c) = -c - 3. Let x be ((-9)/(-12))/(1/4). Let d be x*((-1)/(-3) - 3). What are the prime factors of j(d)?
5
Suppose -2*l - 3*w - 24 = l, w - 22 = 4*l. List the prime factors of 20/l*24/(-20).
2
Let p be 9*((-3)/(-1))/(-9). Let m be ((-9)/4)/(p/8). Suppose 3 = 3*u - m. What are the prime factors of u?
3
Let g(z) = -6*z**3 - 4*z**2 - 3*z + 3. List the prime factors of g(-2).
41
What are the prime factors of 4 - (-2)/((-2)/(-127))?
131
Suppose 0 = -2*r + 14. List the prime factors of r.
7
Let n = -49 - -101. List the prime factors of n.
2, 13
Let r = 7 + -5. Suppose r*n = 4*n - 20. Suppose 3*o - 4*o + n = 0. What are the prime factors of o?
2, 5
Let h(y) = -y**3 - 6*y**2 - 7*y - 7. Let t be h(-5). Let x be 6/(-21) - (-2)/7. Suppose x*n + t = n. What are the prime factors of n?
3
List the prime factors of (-228)/(-21) + (-6)/(-42).
11
Let q(x) = -3*x - 5. Let d(n) = n**2 - 9*n - 7. Let f be d(9). What are the prime factors of q(f)?
2
Suppose 4*y - 62 = 3*t, 5*t + 2*y - 21 = -159. List the prime factors of t/(-7) + 2/7.
2
Let j = 3 + 0. Let f(m) = -2*m**2 - 2*m + 5. Let p(x) = x**2 + 3*x - 4. Let w(k) = j*p(k) + 2*f(k). List the prime factors of w(4).
2
Let h(x) = 7*x - 5. Let o be h(5). Suppose -5*g + o = -3*g. What are the prime factors of g?
3, 5
Suppose 5*n + w - 111 = 0, n - 5*w = 4*n - 71. What are the prime factors of n?
2, 11
Let j(r) = r**3 + 5*r**2 - 2*r + 3. Let h be j(-5). Let n = -4 + 7. Suppose 5*s = 3*o + 31, s + o = n*s - h. What are the prime factors of s?
2
Let o(m) = m**3 + 7*m**2 + 2*m + 5. List the prime factors of o(-5).
3, 5
Let g(q) = 20*q**2 + q. Let i be g(1). Suppose i = 5*b - 14. What are the prime factors of b?
7
Suppose 4*y = -4*f + 1596, -5*f - 1173 = -3*y - 0*f. What are the prime factors of y?
2, 3, 11
Suppose 4*g + g = -2*a + 59, 4*g = -3*a + 106. List the prime factors of a.
2, 3, 7
Suppose -2*o - 5*o = -322. List the prime factors of o.
2, 23
Let n = 140 + -97. What are the prime factors of n?
43
What are the prime factors of (0 + 3)*-1 - (-669)/3?
2, 5, 11
Let k = 68 + -24. List the prime factors of k.
2, 11
Let z be ((-2)/4 + 0)*-8. List the prime factors of 318/14 + z/14.
23
Suppose 1 = 5*g - 14. Suppose -2*o + w + 20 = 0, -w + 12 = -4*w. Suppose -g*p + 7*p = o. List the prime factors of p.
2
Let u(n) = -3*n**3 + 8*n**2 - 9*n - 8. List the prime factors of u(-4).
2, 3, 29
Let v = 1 - 5. Let y be -2 - (-1)/(-4)*0. Let t = y - v. What are the prime factors of t?
2
Let v = -4 - -4. Suppose -5*d + 49 + 41 = v. What are the prime factors of d?
2, 3
List the prime factors of (11 - -1) + (-8 - -5).
3
Let t(j) = -j**3 + 7*j**2 - 4*j - 7. Let l be 3/12 + (-22)/(-8). Suppose -2*g = l*w, -5*w - 3 = 3*g - 1. List the prime factors of t(g).
5
Let d(s) = s**3 - 2*s**2 - 5*s - 6. Let r(v) = 3*v**3 - 3*v**2 - 9*v - 13. Let x(l) = 5*d(l) - 2*r(l). What are the prime factors of x(-4)?
2, 3
Suppose 3*o = 6*o + 3*z - 6, o + 3*z - 2 = 0. Suppose 5*x - 2*d - 43 = 93, -o*x = -3*d - 50. What are the prime factors of x?
2, 7
Suppose 198 = j - 76. List the prime factors of j.
2, 137
Suppose 1 = -3*k - 2*d + 3, -k = d - 1. Suppose k = 2*v + 24 - 132. List the prime factors of v.
2, 3
Suppose -x - f = -5*f - 60, 0 = -4*x - f + 155. Let t be (x/12)/((-4)/(-42)). Suppose 3*u = 2*z + t, 5*u + 0*u - 3*z = 57. What are the prime factors of u?
3
Suppose 0 = -a + 2, -5*a + 28 + 30 = g. Suppose -2*x = -x + g. What are the prime factors of (4 - 2) + x/(-3)?
2, 3
Let r = 186 + -22. List the prime factors of r.
2, 41
Let b be 1/((9/141)/(-3)). What are the prime factors of 2/7 + b/(-7)?
7
Suppose -25 = -i + 5*q, -3*q + 2 + 11 = 5*i. Suppose 25 = -i*j + 90. What are the prime factors of j?
13
Suppose -79 = -14*n + 13*n. List the prime factors of n.
79
Suppose 4*t = 2*t + 58. Let k = t + -15. List the prime factors of k.
2, 7
Let h = 31 + -14. Suppose n + 36 = -4*n - f, 5*n + 5*f + 20 = 0. Let z = n + h. List the prime factors of z.
3
Suppose 5*v - 360 = 5*x, 3*v - 6*v - x + 204 = 0. List the prime factors of v.
3, 23
Let h be (-6)/5*(-10)/4. List the prime factors of 19 - 0*1/h.
19
Suppose -8*m + 7*m = -36. List the prime factors of m.
2, 3
Suppose 0 = 8*t - 3*t - 4*y - 37, -5*t - 2*y = -19. Suppose -24 = -t*p + 4*p. Suppose p = 5*z - 31. List the prime factors of z.
11
Let q(k) = -3*k - 5. Let n be q(-3). Let j(x) = 5 - 3*x**2 - 2*x**2 - x + x**3 + 2*x**2. What are the prime factors of j(n)?
17
Suppose 5*z = -p + 16 + 8, -p + 14 = 3*z. Let h be (p - 3)*(-5)/4. Suppose 7 = -h*x + 67. List the prime factors of x.
2, 3
What are the prime factors of (-5)/30 - 1022/(-12)?
5, 17
Let o = 47 - -265. List the prime factors of o.
2, 3, 13
Suppose -4*u + 8 = 4*j - 8, 0 = j + 2*u + 1. Suppose 2*o - 5*o - j = 0. What are the prime factors of (0 + 9)/(o/(-6))?
2, 3
Let v(n) be the first derivative of n**2/2 - 3. List the prime factors of v(2).
2
Let p(i) = i**3 + i**2 - 3*i - 1. Let z be p(-2). Let x be (-495)/36 + z/(-4). What are the prime factors of 2/(((-8)/x)/2)?
7
Let b(k) = 4*k + 6. Let x(l) = 4*l + 5 + 3 - 3. Let t(g) = 3*b(g) - 4*x(g). List the prime factors of t(-3).
2, 5
Let p(m) = -m**2 + 13*m - 5. Let y = -15 + 24. List the prime factors of p(y).
31
Let w(o) = 15*o + 2. List 